{"version":"1.0","provider_name":"Not\u00edcias da Cidade Montes Claros","provider_url":"https:\/\/www.encontramontesclaros.com.br\/noticias","title":"Hora do Planeta 2013 em Montes Claros - Not\u00edcias da Cidade Montes Claros","type":"rich","width":600,"height":338,"html":"<blockquote class=\"wp-embedded-content\" data-secret=\"bL0bBwr4Qv\"><a href=\"https:\/\/www.encontramontesclaros.com.br\/noticias\/hora-do-planeta-2013-em-montes-claros\/\">Hora do Planeta 2013 em Montes Claros<\/a><\/blockquote><iframe sandbox=\"allow-scripts\" security=\"restricted\" src=\"https:\/\/www.encontramontesclaros.com.br\/noticias\/hora-do-planeta-2013-em-montes-claros\/embed\/#?secret=bL0bBwr4Qv\" width=\"600\" height=\"338\" title=\"&#8220;Hora do Planeta 2013 em Montes Claros&#8221; &#8212; Not\u00edcias da Cidade Montes Claros\" data-secret=\"bL0bBwr4Qv\" frameborder=\"0\" marginwidth=\"0\" marginheight=\"0\" scrolling=\"no\" class=\"wp-embedded-content\"><\/iframe><script type=\"text\/javascript\">\n\/* <![CDATA[ *\/\n\/*! This file is auto-generated *\/\n!function(d,l){\"use strict\";l.querySelector&&d.addEventListener&&\"undefined\"!=typeof URL&&(d.wp=d.wp||{},d.wp.receiveEmbedMessage||(d.wp.receiveEmbedMessage=function(e){var t=e.data;if((t||t.secret||t.message||t.value)&&!\/[^a-zA-Z0-9]\/.test(t.secret)){for(var s,r,n,a=l.querySelectorAll('iframe[data-secret=\"'+t.secret+'\"]'),o=l.querySelectorAll('blockquote[data-secret=\"'+t.secret+'\"]'),c=new RegExp(\"^https?:$\",\"i\"),i=0;i<o.length;i++)o[i].style.display=\"none\";for(i=0;i<a.length;i++)s=a[i],e.source===s.contentWindow&&(s.removeAttribute(\"style\"),\"height\"===t.message?(1e3<(r=parseInt(t.value,10))?r=1e3:~~r<200&&(r=200),s.height=r):\"link\"===t.message&&(r=new URL(s.getAttribute(\"src\")),n=new URL(t.value),c.test(n.protocol))&&n.host===r.host&&l.activeElement===s&&(d.top.location.href=t.value))}},d.addEventListener(\"message\",d.wp.receiveEmbedMessage,!1),l.addEventListener(\"DOMContentLoaded\",function(){for(var e,t,s=l.querySelectorAll(\"iframe.wp-embedded-content\"),r=0;r<s.length;r++)(t=(e=s[r]).getAttribute(\"data-secret\"))||(t=Math.random().toString(36).substring(2,12),e.src+=\"#?secret=\"+t,e.setAttribute(\"data-secret\",t)),e.contentWindow.postMessage({message:\"ready\",secret:t},\"*\")},!1)))}(window,document);\n\/* ]]> *\/\n<\/script>\n","description":"Pelo quinto ano seguido os bairros da cidade de Belo Horizonte apagar\u00e3o parte da ilumina\u00e7\u00e3o durante uma hora, em prol do movimento Hora do Planeta. S\u00e1bado, dia 23 de mar\u00e7o, \u00e0s 19h30 (hora local), em mais de 7.000 capitais e cidades, milhares de pessoas ao redor de 152 pa\u00edses, milh\u00f5es de pessoas participar\u00e3o da maior [&hellip;]"}

Notícias da Cidade Montes Claros

Hora do Planeta 2013 em Montes Claros - Notícias da Cidade Montes Claros

<blockquote class="wp-embedded-content" data-secret="bL0bBwr4Qv"><a href="https://www.encontramontesclaros.com.br/noticias/hora-do-planeta-2013-em-montes-claros/">Hora do Planeta 2013 em Montes Claros</a></blockquote><iframe sandbox="allow-scripts" security="restricted" src="https://www.encontramontesclaros.com.br/noticias/hora-do-planeta-2013-em-montes-claros/embed/#?secret=bL0bBwr4Qv" width="600" height="338" title="&#8220;Hora do Planeta 2013 em Montes Claros&#8221; &#8212; Notícias da Cidade Montes Claros" data-secret="bL0bBwr4Qv" frameborder="0" marginwidth="0" marginheight="0" scrolling="no" class="wp-embedded-content"></iframe><script type="text/javascript">
/* <![CDATA[ */
/*! This file is auto-generated */
!function(d,l){"use strict";l.querySelector&&d.addEventListener&&"undefined"!=typeof URL&&(d.wp=d.wp||{},d.wp.receiveEmbedMessage||(d.wp.receiveEmbedMessage=function(e){var t=e.data;if((t||t.secret||t.message||t.value)&&!/[^a-zA-Z0-9]/.test(t.secret)){for(var s,r,n,a=l.querySelectorAll('iframe[data-secret="'+t.secret+'"]'),o=l.querySelectorAll('blockquote[data-secret="'+t.secret+'"]'),c=new RegExp("^https?:$","i"),i=0;i<o.length;i++)o[i].style.display="none";for(i=0;i<a.length;i++)s=a[i],e.source===s.contentWindow&&(s.removeAttribute("style"),"height"===t.message?(1e3<(r=parseInt(t.value,10))?r=1e3:~~r<200&&(r=200),s.height=r):"link"===t.message&&(r=new URL(s.getAttribute("src")),n=new URL(t.value),c.test(n.protocol))&&n.host===r.host&&l.activeElement===s&&(d.top.location.href=t.value))}},d.addEventListener("message",d.wp.receiveEmbedMessage,!1),l.addEventListener("DOMContentLoaded",function(){for(var e,t,s=l.querySelectorAll("iframe.wp-embedded-content"),r=0;r<s.length;r++)(t=(e=s[r]).getAttribute("data-secret"))||(t=Math.random().toString(36).substring(2,12),e.src+="#?secret="+t,e.setAttribute("data-secret",t)),e.contentWindow.postMessage({message:"ready",secret:t},"*")},!1)))}(window,document);
/* ]]> */
</script>

Pelo quinto ano seguido os bairros da cidade de Belo Horizonte apagarão parte da iluminação durante uma hora, em prol do movimento Hora do Planeta. Sábado, dia 23 de março, às 19h30 (hora local), em mais de 7.000 capitais e cidades, milhares de pessoas ao redor de 152 países, milhões de pessoas participarão da maior [&hellip;]
